*(-6 + r)?
9
Let c = 1294 + -818. What is the units digit of c + 13 + 0/4?
9
Let c = 488 - -301. Suppose 8*u - 1715 = c. What is the hundreds digit of u?
3
Let n(b) = -190*b + 205. Let y = 563 + -568. What is the thousands digit of n(y)?
1
Let y(r) = 47*r + 8942. What is the units digit of y(-46)?
0
What is the thousands digit of (-8)/8 + (-24)/(-180) + (-77456)/(-30)?
2
Let v(b) = 3*b + 9. Let r(x) = 2*x + 4. Let h(o) = -5*r(o) + 3*v(o). Let n be h(8). What is the tens digit of (3 + -2 - 63)*n?
6
Suppose 5*t = 22 - 52. What is the units digit of -6 + 5 + t + 1 - -675?
9
Let f(y) = 33 + 20*y - 3*y**3 - 112 + 0*y + 23*y**2 + 52 + 2*y**3. What is the tens digit of f(11)?
4
Let a(x) = 11*x + 152. Let s be a(-14). What is the units digit of (((-16)/12)/4)/(s/3678)?
3
Let v = 480 + -240. What is the tens digit of v - (0 - -1 - -1)?
3
Let m = 1733 + 1164. Suppose h = 3*j - m, 0*j - h = 3*j - 2899. What is the units digit of j?
6
What is the tens digit of (0 + -8 - -2 - -1530) + -5?
1
Let c(j) = -j**3 + 14*j**2 + 15*j - 4. Let d = -212 - -224. What is the tens digit of c(d)?
6
Suppose 0 = -2*r - 2*v - 15 + 5, 5*r = 5*v - 35. Let g = 264 - r. Suppose -5*h + 3*h = -g. What is the units digit of h?
5
Suppose -d = -2*h - 17522, h + 52601 = 383*d - 380*d. What is the thousands digit of d?
7
Let v(y) = 2*y**3 + 28*y**2 + 21*y + 10. Let p be v(-13). What is the units digit of 5*70/p*(-30)/(-2)?
0
Let i = -464 + 458. What is the tens digit of ((-104)/4)/((i/(-192))/(-1))?
3
Let k be (-643377)/(-441) + (-2)/(-21). Suppose k = 5*h + y, 0*h + 5*y - 579 = -2*h. What is the hundreds digit of h?
2
Let s = 334 + -330. Suppose -5678 = -s*d + c, 3*d = -0*c - 3*c + 4251. What is the tens digit of d?
1
Let a(c) = c**2 - 3*c + 52. Let d be a(-16). What is the hundreds digit of d - ((-12)/2 + 3)?
3
Suppose 5*a = 22*g - 25*g + 20, -3*g = -3*a + 12. What is the tens digit of ((-951)/(-6) - g) + 1/(-2)?
5
Suppose -8 - 28 = -2*q. Let v(b) = -b**3 + 20*b**2 - 27*b + 36. What is the hundreds digit of v(q)?
1
Let m be 1*2*(-93 - -69). What is the units digit of 1402/9 + 1 + m/(-216)?
7
Suppose 40373 - 199778 = -15*d. What is the thousands digit of d?
0
Suppose -c = -6, -3*d - 4*c = -c - 11556. What is the thousands digit of d?
3
Let g = 1296 + -176. Suppose -14*x = -24*x + g. What is the hundreds digit of x?
1
What is the tens digit of 9*1 + (-1725384)/(48 - 72)?
0
Let v(a) be the third derivative of a**6/120 + 19*a**5/60 + a**4/8 - 53*a**3/6 - 47*a**2. What is the tens digit of v(-18)?
1
Suppose -3*x + 45*q - 44*q = -48055, -3*q + 16015 = x. What is the thousands digit of x?
6
Let m(l) be the second derivative of l**5/20 + l**4/3 - 5*l**3/6 - 5*l**2 - l. Let t be m(-5). What is the units digit of ((-4)/10)/((t/1125)/2)?
0
Let q(j) = -382*j - 107. Let a be q(-8). Let n = 4670 - a. What is the units digit of n?
1
Suppose -4*n - 21663 + 91922 = 3*n. What is the ten thousands digit of n?
1
Suppose -197*m = -196*m + 91. Let a = 271 + m. What is the hundreds digit of a?
1
Suppose -21*l + 9480 + 12906 = 0. What is the tens digit of l?
6
Let h(o) = -o - 3. Let j be h(-1). Let i(m) = -3*m - 2. Let n be i(j). Suppose -n*t = 2*r - r - 11, 3*r - 3*t = 63. What is the tens digit of r?
1
Suppose 50*w = 48*w - 3*k + 40091, -2*w + 40092 = 4*k. What is the hundreds digit of w?
0
Let m = 78 - 100. Let w be -1 - (19/(-7) + m/77). Suppose 66 = w*n + 5*o, -4*n + 0*o = 3*o - 146. What is the units digit of n?
8
Let t(c) = 38*c**2 - 16*c - 40. Let i be t(13). Suppose -f - 6*f = -i. What is the units digit of f?
2
Suppose -3*i + f + 54655 = -f, 0 = -f - 2. What is the thousands digit of i?
8
Let f(h) = 12*h - 43. Let l be f(14). Let m = l + -121. What is the tens digit of -3*460/(-24) + 2/m?
5
Suppose 90*c = 84*c. Let a(b) = 6*b**2 - b + 61. What is the units digit of a(c)?
1
Let h(o) = -82*o. Let f be (-12)/(-63)*-3*(-7)/2. Let c be h(f). What is the tens digit of 3/((-6)/c) + -1?
8
Let o = 7952 - -43392. What is the tens digit of o?
4
Let a(m) = 373*m + 1202. What is the thousands digit of a(11)?
5
Suppose i - 5 = -0*i. Suppose 1 = r + i. What is the tens digit of 90*r/(-8) - -4?
4
Let m(s) = s**2 + 3*s + 13. Let f = 9 + -6. Suppose 16 + 2 = f*j. What is the units digit of m(j)?
7
Let o = 923 + 20318. What is the units digit of o?
1
Suppose 5*d + 2*g = 29065, -3*d + g + 12167 = -5272. What is the units digit of d?
3
Let w(u) = -2*u + 10. Let x be w(2). Let y be 519*(-1 + 10/x). Suppose 0 = 3*j + 4*m - y, -5*m - 600 = -5*j - 0*j. What is the hundreds digit of j?
1
Let x(j) = 126*j**3 + 2*j**2 - 1. Let q be x(1). Suppose v - 4*f = 4 + 25, -5*v = -2*f - q. What is the units digit of v + 6/(-2) + -1?
1
What is the thousands digit of (1/2)/((-1)/(-8 + -53))*912?
7
Let g = 3787 - -5050. What is the hundreds digit of g?
8
Suppose -3763 = -2*z - 5*y, 0 = -3*z + 24*y - 27*y + 5631. What is the hundreds digit of z?
8
Let t be (4 - 9/2)/(3/(-60)). What is the tens digit of (t/4)/(998/332 + -3)?
1
Suppose -7*g + 5*g = -2*i + 47224, -i + 23587 = 4*g. Suppose -16*l - 151 + i = 0. What is the hundreds digit of l?
4
Let i = -1641 + 7579. What is the units digit of i?
8
Suppose 7*f - 473 = 1081. Suppose -3*s - 7*i + 3*i = -176, -4*s + f = -i. Suppose 5*q - 5*o = 124 + 201, -4*o = -q + s. What is the units digit of q?
8
Suppose 14*w - 3587 = -479. Suppose 4*i = w + 2406. What is the tens digit of i?
5
Suppose -15*l + 21*l - 22564 - 8552 = 0. What is the units digit of l?
6
Suppose -125 = 10*r - 3375. What is the units digit of (0 - 5 - -9) + r?
9
Suppose -3*o = 4*p - 2667, -5*p - 3*o + 3329 = -4*o. Suppose 1831 = 5*u + p. What is the tens digit of u?
3
Let q = -50 - -375. Suppose -2*s = -4*s. Suppose s = 9*n - q - 359. What is the tens digit of n?
7
Let y(z) = -z**3 + 5*z**2 - 10*z + 23. Let q(o) = -o**3 + 6*o**2 - 9*o + 20. Let v(n) = 7*q(n) - 6*y(n). Let m = 12 + -1. What is the tens digit of v(m)?
9
Suppose s = -2*m + 10, m + 1 + 27 = 5*s. Let z(l) be the third derivative of l**5/12 - l**4/3 + 2*l**3/3 + 62*l**2 + l. What is the units digit of z(s)?
6
Suppose t + 0*t = 1. Let o be -4 - (2 - 560) - (-2 - t). Suppose -8*f = -o - 1283. What is the hundreds digit of f?
2
Let h = -10390 - -22094. What is the hundreds digit of h?
7
Let n = -173 - -169. Let v(a) = 19*a**2 - 14*a - 21. What is the units digit of v(n)?
9
Let y(f) = -4*f + 15. Let w be y(3). Suppose -2*r + w = r, 2*o - 5*r - 171 = 0. Let a = o - 36. What is the units digit of a?
2
Let x = -104 + 63. Let a = x + 32. Let d(m) = -m**3 - 7*m**2 + 13*m. What is the units digit of d(a)?
5
Let i = -112 + 112. Suppose 4*l + 2*q - 12 = i, 12 = 6*l - 2*l - 5*q. Suppose -382 = -5*o - l*m, -2*m = 2*o - 3*m - 155. What is the units digit of o?
7
What is the thousands digit of 24/15 - (-11372796)/765?
4
Let w = 325 + -168. Let b = w + -60. Let k = -68 + b. What is the units digit of k?
9
Let i be -466 + 15/5 + (4 - 6). Let x = i - -844. What is the tens digit of x?
7
Let w(x) = x**2 + 14*x - 10. Let u be w(-7). Let c = u + 63. What is the units digit of (c/6)/1 - 577/(-3)?
3
Let q = 66 - 12. Let i = q - 49. Suppose -172 - 507 = -i*r + 4*c, -4*c + 572 = 4*r. What is the tens digit of r?
3
Let r = -121 + 186. Suppose -2 = -64*b + r*b. What is the tens digit of (2 - 32/20)*(-420)/b?
8
Suppose 4*i = -0*i - 16, 3*y - 3*i - 1341 = 0. Let l = 612 + y. What is the tens digit of l?
5
Let i = -22875 + 39509. What is the tens digit of i?
3
What is the ten thousands digit of (-27)/((-2916)/(-24)) - (-1447726)/18?
8
Suppose -2*g + u = -6*g + 111, -3*g + 96 = 5*u. Let z = 8 + g. Let t = 4 + z. What is the units digit of t?
9
Let c(h) = h**2 - 2*h - 18. Let y be c(8). Let d = -24 + y. Let q(z) = -z**2 + 12*z + 6. What is the tens digit of q(d)?
4
Let a = 1325 + -113. Suppose -7*v = -9*v + a. What is the units digit of v?
6
What is the tens digit of ((-660)/(-30))/(-11) + (-36542 - -2)/(-3)?
7
Let o = 2772 + -2770. Suppose 0 = -s + 3. Suppose o*d + m = 15, -m + 60 = 5*d - s*m. What is the tens digit of d?
1
What is the thousands digit of 7929 + ((-1)/2)/((-11)/(-66))?
7
Let b(v) = -v**3 - 6*v**2 + 17*v - 9. Let j be b(-12). Suppose -5*l = j + 539. Let n = -135 - l. What is the hundreds digit of n?
1
Suppose -1 - 83 = -21*v. What is the units digit of ((-9)/(-2))/(-9)*v - -213?
1
L